33341
In base 8, what is 53474617 - 11?
53474606
In base 9, what is 47 + 1051015?
1051063
In base 12, what is 228ab29 - -31?
228ab5a
In base 2, what is -1000 - -10001011100000010110111010?
10001011100000010110110010
In base 16, what is -14 - 27a3e9?
-27a3fd
In base 9, what is -58453 + 6020?
-52433
In base 2, what is 1010001011010101101000011 + -10?
1010001011010101101000001
In base 16, what is -61 + 60b25?
60ac4
In base 14, what is -20da7 + da?
-20cab
In base 8, what is -470 + -150110?
-150600
In base 10, what is -1 + -58039258?
-58039259
In base 14, what is 7 - -278b43?
278b4a
In base 12, what is 7 + -225b263?
-225b258
In base 5, what is -12 + 11214113?
11214101
In base 9, what is -414020 - -6773?
-406136
In base 8, what is 0 + -301250725?
-301250725
In base 2, what is -10100101 + 11110000100101011?
11110000010000110
In base 4, what is 2 + 2231232303?
2231232311
In base 16, what is 43dcc7 - 5?
43dcc2
In base 10, what is -3724054 + 12?
-3724042
In base 16, what is -2a34a59 + 2?
-2a34a57
In base 5, what is -4 - -20130342?
20130333
In base 5, what is 221022323 - 20?
221022303
In base 12, what is 2b1 + 24494b?
245040
In base 16, what is 3 - 246d1a?
-246d17
In base 15, what is 4a12 - e2?
4920
In base 7, what is -4325032 + -102?
-4325134
In base 2, what is -10010111011101001101110 + 1?
-10010111011101001101101
In base 8, what is -2067 - -24213?
22124
In base 11, what is -2 - 1010a2430?
-1010a2432
In base 9, what is -1287 + 1245?
-42
In base 6, what is -223430 - 2410?
-230240
In base 5, what is -1 + 22020433210?
22020433204
In base 4, what is 10132220131 - -1320?
10132222111
In base 13, what is -21c - 51a16?
-51c35
In base 4, what is -113103131 - -1130?
-113102001
In base 3, what is 2210011012020 - 11?
2210011012002
In base 15, what is 4 + -3b05ba?
-3b05b6
In base 11, what is -5 - -141637a0?
14163796
In base 7, what is 156 + 2120106?
2120265
In base 8, what is 142 - 223405?
-223243
In base 14, what is 1814013 - -5?
1814018
In base 13, what is -c582 - 1860?
-11112
In base 5, what is 211032434020 + 3?
211032434023
In base 10, what is 77693 - -7382?
85075
In base 16, what is 78d + 5a8?
d35
In base 9, what is 5 + 53736623?
53736628
In base 10, what is -1062 + -29221?
-30283
In base 4, what is -23121030 + 3222?
-23111202
In base 4, what is 0 + -13103033232?
-13103033232
In base 8, what is 0 + -4132244?
-4132244
In base 4, what is -1332110232 + -101?
-1332110333
In base 6, what is -30310312 - -12?
-30310300
In base 14, what is 10133 + a55?
10b88
In base 13, what is 1 - -4bc667?
4bc668
In base 9, what is -2750 + -71027?
-73777
In base 13, what is 20103 + -449?
1c987
In base 10, what is -18617 + -112?
-18729
In base 14, what is 1ba841 - -10?
1ba851
In base 13, what is 1905261 - -6?
1905267
In base 4, what is 313 - 30011212111?
-30011211132
In base 7, what is 443 - -643230?
644003
In base 3, what is -10 - 22100101202201?
-22100101202211
In base 4, what is -2301 - -2111113223?
2111110322
In base 2, what is 1110101 - 11110111111100100?
-11110111101101111
In base 12, what is -76a118 + 19a?
-769b3a
In base 9, what is 433322468 + 2?
433322471
In base 13, what is -254772 + 370?
-254402
In base 4, what is -1121 + -20002121?
-20003302
In base 9, what is 1062 - 1122652?
-1121580
In base 16, what is 2 + b84ccc6?
b84ccc8
In base 4, what is -1221202 - 1111103?
-2332311
In base 13, what is -40678c5 - 30?
-4067925
In base 14, what is -5a01587 - -2?
-5a01585
In base 6, what is 204000054 + 0?
204000054
In base 7, what is -3 + 5140141061?
5140141055
In base 4, what is 2121122033221 + 12?
2121122033233
In base 9, what is -23312 - -4021?
-18281
In base 5, what is 233434 + -2000230?
-1211241
In base 10, what is -965887 + -35?
-965922
In base 11, what is 132 + 73332?
73464
In base 9, what is 63666 - 2578?
61077
In base 10, what is -2551759 + 24?
-2551735
In base 3, what is 2112212000 + -111201?
2112100022
In base 6, what is -1 - 220503245?
-220503250
In base 3, what is -202111222120022 - 2?
-202111222120101
In base 4, what is -1 + 11020030203120?
11020030203113
In base 7, what is -3224 + 52466?
46242
In base 7, what is 635604 - -16?
635623
In base 15, what is c2 - -4ca707?
4ca7c9
In base 12, what is 216 - 9b244b?
-9b2235
In base 4, what is 311220 - -20101333?
21013213
In base 16, what is 6740 - 6?
673a
In base 4, what is -21303122313 + 20?
-21303122233
In base 13, what is -1012 + -49108?
-4a11a
In base 9, what is -3 - -615558?
615555
In base 10, what is 27305 - 3955?
23350
In base 7, what is 4 + -1103103101?
-1103103064
In base 11, what is 511 - 10241?
-a830
In base 6, what is 5100 - 42?
5014
In base 9, what is -348257073 + 0?
-348257073
In base 4, what is 12013000110 - 210?
12012333300
In base 13, what is -bc95c75 - 0?
-bc95c75
In base 8, what is 5235 - 312?
4723
In base 9, what is 32487 - 6588?
24788
In base 13, what is -20c6b - -4c8?
-20773
In base 4, what is 3302 + -2211110302?
-2211101000
In base 4, what is -320 + 3302122031?
3302121111
In base 2, what is 1011101000001 - -1011000010?
1101000000011
In base 12, what is 0 + -933abb6?
-933abb6
In base 7, what is -16221463 - 0?
-16221463
In base 11, what is -304 - 2328?
-2631
In base 6, what is 40 + -44422114?
-44422034
In base 8, what is -13200 + 6601?
-4377
In base 15, what is -430 + 2c59?
2829
In base 11, what is -2 + 133851125?
133851123
In base 4, what is 1012 + 20000320303?
20000321321
In base 5, what is -13411421132 + -1?
-13411421133
In base 11, what is 4 + -32033973?
-3203396a
In base 8, what is 3 - -26520441?
26520444
In base 5, what is -101 + 23022103?
23022002
In base 15, what is -c73 + -5235?
-5ea8
In base 15, what is -b999 + 149?
-b850
In base 12, what is 5 - 18ba729?
-18ba724
In base 12, what is 1 + -55aaaa9?
-55aaaa8
In base 12, what is -68174 + -b9?
-68271
In base 15, what is 6e5bc - 28?
6e594
In base 12, what is 17259 - 1035?
16224
In base 11, what is -2 + -53aa11a8?
-53aa11aa
In base 16, what is 8198c + 1?
8198d
In base 16, what is -6 + 4181db?
4181d5
In base 12, what is -11 - 7b370a?
-7b371b
In base 6, what is 3205104313 + -3?
3205104310
In base 13, what is -77766 - 254?
-779ba
In base 8, what is 60544771 - -13?
60545004
In base 13, what is 0 + 153512?
153512
In base 2, what is -1111110000001101111110 - -11?
-1111110000001101111011
In base 4, what is -2103 + -101120002131?
-101120010300
In base 2, what is 101001111010011101000101001 - 0?
101001111010011101000101001
In base 4, what is -1030201231311 - -11?
-1030201231300
In base 11, what is -7541924 - 0?
-7541924
In base 4, what is -23 - -1021131302?
1021131213
In base 7, what is 55 - -1363535?
1363623
In base 12, what is 8a8616b - -3?
8a86172
In base 4, what is 20313101232 + 0?
20313101232
In base 13, what is 142 + -22b54?
-22a12
In base 7, what is -3 - 33246005?
-33246011
In base 10, what is 9 + -15129254?
-15129245
In base 5, what is 210330 + 14114433?
14330313
In base 4, what is -2303003010 - -1001?
-2303002003
In base 7, what is 254565400 + -10?
254565360
In base 5, what is -4 + -10013300040?
-10013300044
In base 15, what is 5de8c2 + -8c?
5de835
In base 8, what is -141104 + -30?
-141134
In base 4, what is 21233 - -3003232323?
3003320222
In base 4, what is -2 + 2002131030?
2002131022
In base 8, what is 2536144742 - 3?
2536144737
In base 14, what is -4 - -1085382?
108537c
In base 13, what is -1b73 + -727c?
-9122
In base 14, what is 331414c + -4?
3314148
In base 9, what is -56 + 23457442?
23457375
In base 14, what is -3 - 931d4d?
-931d52
In base 11, what is 382374232 + 5?
382374237
In base 5, what is -32033 + -122222?
-204310
In base 9, what is -2 + -85327285?
-85327287
In base 11, what is -3aa269 + 12?
-3aa257
In base 4, what is -33030022232 + 1?
-33030022231
In base 10, what is -1002 + 48915?
47913
In base 11, what is -1789a - a70?
-1885a
In base 16, what is -4 + 219674?
219670
In base 13, what is -6 + -290523?
-290529
In base 14, what is ac4 - 5b94?
-50b0
In base 3, what is 2101012002111111 + -12?
2101012002111022
In base 10, what is 181 + 663394?
663575
In base 16, what is 0 + 14c5d89d?
14c5d89d
In base 16, what is b6bf8 + 10f?
b6d07
In base 9, what is -51434522 + 3?
-51434518
In base 10, what is -330 + -6537?
-6867
In base 4, what is 3232303301 + 0?
3232303301
In base 14, what is 48b4365 + 3?
48b4368
In base 7, what is 13332200455 - 1?
13332200454
